 = 58*n**2 - 5*n - 5. What is the tens digit of t(g)?
3
Let h be 514/6 - 6/9. Let s be -5 + 3 + 69 + 1. Suppose 45 = 5*b + 3*m - s, 3*m = 4*b - h. What is the tens digit of b?
2
Suppose -4*o - 4*z - 163 + 719 = 0, -5*z = -o + 163. Let q = o + -36. What is the units digit of q?
7
What is the thousands digit of (-6)/(-5) + ((-514320)/50)/(-8)?
1
Suppose 0 = -6*k - 2926 + 19606. What is the thousands digit of k?
2
Let k = -577 - -984. What is the tens digit of k?
0
Let t(v) = 39*v**2 - 12*v + 21. What is the hundreds digit of t(2)?
1
Let q(k) = -k**2 - k - 3. Let x(h) = h**3 + 2*h**2 + h - 1. Let i be x(-2). Let f be q(i). Let l = f - -17. What is the units digit of l?
8
Suppose 0 = 3*b - n - 12671, 0 = -4*b - 4*n + 14822 + 2094. What is the units digit of b?
5
Let l(a) = 4*a**2 + 17*a + 58. What is the hundreds digit of l(-12)?
4
Let m(i) = i**3 + 12*i**2 + 2*i + 3. Let k be m(-11). Suppose j = 2*j - k. What is the tens digit of j?
0
Suppose -5*n + 0*n + 973 = 3*x, 5*x = -n + 1607. What is the tens digit of x?
2
Let t be 142/4*1 + 11/22. Let k = 96 + t. What is the tens digit of k?
3
Let r = 1241 + -807. What is the tens digit of r?
3
Let w be 2 - (2 + -5) - 3. Suppose 0*y - 43 = -4*f - y, -3*y + 19 = w*f. What is the units digit of f?
1
Let h(z) be the second derivative of 2*z**3/3 + 9*z**2/2 + z. Let v be h(11). Suppose 0 = -7*i + 6*i + v. What is the units digit of i?
3
Let h(w) = -6*w + 26. Let s be h(-12). Let d = 201 - s. What is the hundreds digit of d?
1
Let r(z) = z**2 + 11*z + 12. Let h be r(-10). Let l(x) = 14*x**2 + 4*x - 3. Let i be l(h). Suppose -i - 15 = -4*g. What is the units digit of g?
9
Suppose 5*y - 1595 = 5*b, 2*b = 3*y - 204 - 748. What is the tens digit of y?
1
Let h be -3 + 4 - -2 - -7. Suppose 0 = 2*y - 0*y - h. Suppose 6*t - 80 = -y*v + 4*t, 5*t = 2*v - 3. What is the units digit of v?
4
Let x be (-1 - 2) + 132/6. Suppose -s = x - 69. What is the tens digit of (s/(-4))/((-1)/4)?
5
Let k = 4272 - 2981. What is the thousands digit of k?
1
Let d be ((-1)/(-3))/((-2)/(-1902)). Suppose -d + 45 = -2*v. What is the units digit of v?
6
Let m = 8 - 10. Let r be 3 - m/4*14. Suppose r = 5*b - 145. What is the units digit of b?
1
Let z(w) = 15*w**3 - 3. Let o be z(3). Suppose b + 5*b = o. What is the units digit of b?
7
Let r(s) = -54*s - 226. What is the tens digit of r(-8)?
0
Suppose 2*o + 51 = 5*l, -4*o - 1 - 47 = -4*l. What is the units digit of l?
9
Suppose 0 = -3*t + 5 - 11, -4*s + 7938 = -5*t. What is the units digit of s?
2
Suppose 0 = l - 5*o - 13, -3*l + 3*o + 182 - 107 = 0. What is the tens digit of l?
2
Let r(g) = g**3 + 6*g**2 + 6*g - 3. Let o be r(-4). Suppose o = i - 11. What is the units digit of i?
6
Let t = -2479 - -3431. What is the units digit of t?
2
Let f be 58/15 - ((-56)/(-30) + -2). What is the tens digit of 64/16 + 23*f?
9
Suppose -4*i = -2*s + 264, -2*i + 280 = 2*s + 2*i. Let h = -61 + s. Suppose 4*y - h = -y. What is the units digit of y?
5
Let n(v) = 4*v - 13. Let d be n(4). Suppose 0 = -u - 2, h + 260 = 3*h - d*u. What is the hundreds digit of h?
1
Suppose -534 = -n - 3*n + 3*y, 2*n = -2*y + 274. Suppose 2*w = n + 39. What is the units digit of w?
7
Let t be ((-9 - 0)/3)/(-1). Suppose 2*v + 10 + 8 = 2*p, 11 = t*p + v. Let j = 9 - p. What is the units digit of j?
4
Let a(f) = -44*f - 45. Let l(t) = t**3 + 5*t**2 + t - 3. Let p be l(-5). What is the hundreds digit of a(p)?
3
Let m be (725 - 13)/((-1)/(-2)*-1). What is the units digit of (-1 - 1)/(2 - m/(-708))?
7
What is the tens digit of 120/(2 + -6 + 6)?
6
Let a(y) be the first derivative of 21*y**3 + 6. Let w be a(1). Let k = w - 33. What is the units digit of k?
0
Let r = 725 - -306. What is the units digit of r?
1
Suppose 5*s = -5*l + 4325, 3*l - 3153 + 555 = -4*s. What is the units digit of l?
2
Let i = -1953 + 2430. What is the hundreds digit of i?
4
Let z(w) = -w**3 + 10*w**2 - 18*w + 17. Let h = -48 + 56. What is the units digit of z(h)?
1
Let k = 351 + -142. What is the tens digit of k?
0
Let k(u) = 3*u + 21. What is the units digit of k(6)?
9
Let o be (-4)/18 + (-94)/(-18). Suppose -o = l - 6*l. Suppose w - l - 2 = 0. What is the units digit of w?
3
Let d(c) = 392*c**2 - c. Let s be d(-1). Suppose s - 69 = 4*b. What is the tens digit of b/7 - (-18)/42?
1
Suppose -19*m - 22*m = -43829. What is the thousands digit of m?
1
Let r be (12/4 + -827)*-1. Suppose 0 = -4*j - 0*j + 3*t + r, 0 = j + 3*t - 191. What is the hundreds digit of j?
2
Let f(t) = t**3 - 3*t**2 + t - 3. Suppose -2*w - 4 = 0, 3 - 11 = -2*j + w. Let i be f(j). Suppose -5*q + q + 20 = i. What is the units digit of q?
5
Let c = 385 - -144. What is the hundreds digit of c?
5
Let v(o) = -334*o + 230. What is the hundreds digit of v(-6)?
2
Let a(z) = 0*z - 9 + 5*z**2 + 2*z - 2*z**2 + 2*z. What is the units digit of a(-5)?
6
Let i be 3/15 - 2/((-20)/(-2)). What is the units digit of 76/(-8)*-10 - i?
5
Let l = 2235 - -366. What is the tens digit of l?
0
Let x(c) = -18*c + 2. Suppose -2*m = 2*m + 2*h, -2*m + 4*h = 10. What is the units digit of x(m)?
0
Let q(w) = w. Let h(v) = -4*v - 9. Let n(a) = -h(a) - 3*q(a). Let l be n(6). Suppose 11*r + 148 = l*r. What is the units digit of r?
7
Let u(b) = b**2 + 4*b + 1. Let m be u(-5). Suppose m*q = q - 20. What is the units digit of 39 - 0/(q/(-2))?
9
Let z = -46 - -44. What is the units digit of 393*(4/z)/(4 - 10)?
1
Suppose -5*h - 3 - 2 = 0. What is the units digit of 4 + -1 + 48 + h?
0
Suppose 2*u = -m + 2629, 2*u + 3*u + m - 6565 = 0. What is the tens digit of u/6*(-12)/(-8)?
2
Let g(k) = -123*k**2 + 8*k + 12. Let q be g(-4). What is the units digit of q/(-24) + -4 + 3/18?
9
Let b(q) be the second derivative of q**5/20 - 7*q**4/12 + 2*q**3 - 6*q**2 + 13*q. What is the tens digit of b(8)?
4
Let m = -35 + 5. Let z = m - -111. What is the units digit of z?
1
Let z(j) = 17*j**3 - j + 1. Let u(l) = -l**2 - 7*l + 1. Let k be u(-7). Let d be z(k). Let c(v) = v - 10. What is the units digit of c(d)?
7
Suppose -3 = -c - 0, -5*r - 5*c = -45. Suppose -8*u = -r*u - 134. What is the units digit of u?
7
What is the tens digit of ((-12)/(-10))/(3 - (-8666)/(-2890))?
6
Let z be (3/(-6)*-3)/(9/42). Let m(a) = -a**3 + 10*a**2 - 12*a + 17. What is the units digit of m(z)?
0
Let f(h) = 3*h**2 - 53*h + 50. Let x(z) = 2*z**2 - 35*z + 33. Let b(m) = 5*f(m) - 8*x(m). What is the tens digit of b(13)?
1
Let q be ((-3 + 4)*-1)/((-2)/(-18)). Let b = 1 - q. What is the tens digit of b?
1
Let c(o) = -13*o - 53. Let n be c(-4). What is the units digit of (n - -1) + (-6)/3 + 264?
2
Let s(x) = x**2 - 10*x + 12. Let a be s(6). What is the units digit of 19/7 + a/(-126)*3?
3
Suppose 38*o = 41*o + 162. Let x = -42 - o. What is the tens digit of x?
1
Let u be (-10)/4*(-780)/50. Let f(i) = -8*i**3 + 2*i**2 + u*i**3 + 25*i**3 - i. What is the tens digit of f(1)?
5
Let x = -76 + 135. Let z = 117 - x. What is the tens digit of z?
5
Suppose 0 = 3*k - 5*k + 48. Let h = k + 42. What is the units digit of h?
6
Let t = 3 - 3. Suppose -30 = -3*w + n - 2, t = -5*w + n + 46. What is the units digit of w?
9
Suppose 0 = -h + 7*h - h. Suppose h = -17*q + 506 + 1245. What is the hundreds digit of q?
1
Let c = 249 - 224. What is the units digit of c?
5
Suppose 82*o = 74*o + 17104. What is the tens digit of o?
3
Let l = 15 - 28. Let x be l/(-3) + 3/(-9). Suppose 5*i - 3*p = -4*p + 73, 2*i - 38 = x*p. What is the units digit of i?
5
What is the tens digit of 6404/14 - -2 - (-3)/(-7)?
5
Suppose -6*k + 15 = 3. Suppose -2*n = k*n - 428. What is the tens digit of n?
0
Suppose 0 = -y + 2*y - 4*n + 4, 3*n - 6 = 0. Suppose -j + 242 = 5*i, -j - y = -3*j. What is the units digit of i?
8
What is the tens digit of ((-1)/(-2)*-2)/((-3)/3414)?
3
Let n = -1024 - -1032. Let o(q) = -q**2 - q. Let k(m) = m**3 - 2*m**2 + m + 11. Let x(j) = k(j) + 5*o(j). What is the tens digit of x(n)?
4
Let n be ((-11)/(-33))/((-2)/24). Suppose -2*t + p = -1, 0 = -2*t - 3*p - 25 + 6. What is the units digit of (n + 1 - -1)/t?
1
What is the tens digit of 26/(-91) + 7232/28?
5
Let v(l) = -1. Let h(s) = -6*s + 2. Let p(r) = h(r) + 3*v(r). Let n(o) = -4*o**2 - o. Let g be n(-1). What is the tens digit of p(g)?
1
Let u = -23 - -25. Suppose 5*s - 37 = -f, u*f - 16 = -f + 4*s. What is the units digit of f?
2
Let v(o) = -9 - 5*o - 7*o